 17) + (5 - 2 - 6 - 1).
-13
Calculate (21 - -9) + 4 - 22.
12
Evaluate -5 + (2 - (-11 - -4)) + -4.
0
What is the value of 11 + (-22 - (-4 - 1)) - (0 + -26)?
20
What is the value of (-17 - -38) + -18 - -18?
21
What is the value of 8 - (41 - 24) - (1 - 0)?
-10
Evaluate (41 - -2 - 116) + 40.
-33
Calculate 7 + -6 - 5 - -2.
-2
Evaluate 25 + -36 + 15 - -1.
5
Calculate -4 + 0 + (-15 - (19 - 17)).
-21
Evaluate -15 - (19 + (-33 - -17) - -8).
-26
Evaluate (5 - (19 + -5)) + (1 - -20) - -1.
13
What is the value of 12 + 11 - (-1 - -10)?
14
What is the value of 12 + (-6 - -4) + -2 + -2?
6
What is the value of -2 + -1 + 9 + (-9 - 4) + 0?
-7
Evaluate -2 - (7 + (9 - (7 + -4 - -1))).
-14
Evaluate (10 - (19 - 4)) + -3 - (1 - 24).
15
-11 + 3 - (-84 + 91 + -1 + -1)
-13
What is the value of -3 - (-19 - 0) - 6?
10
Calculate -11 - (-1 - (-15 + 13)).
-12
What is -48 + 18 + 19 - 12?
-23
9 + -33 + 5 + (1 - 1) + 2
-17
Calculate (-6 - ((-5 - -8) + -3)) + (-10 - -5).
-11
What is the value of 2 + 3 + -1 - (14 + -1)?
-9
(2 + 2 - (60 + -49)) + 18
11
Calculate (199 - 226) + (0 - (-3 - 5)).
-19
Calculate -6 - (-16 - (-21 - -11 - -1)).
1
Evaluate 1 + -7 + (-14 - -2) + 6.
-12
What is the value of (0 - 0 - (-7 - -22)) + (5 - -2)?
-8
Evaluate (-1 + -24 - (-50 + 51)) + 12.
-14
Evaluate 1 + -9 + -10 + (54 - 40).
-4
What is -2 - (-4 - (2 + -2) - 3)?
5
What is 19 - ((44 - 17) + -14)?
6
Calculate 6 + (-12 - (-4 + 5)) + 12 + -8.
-3
Calculate -1 - 0 - ((10 - 14) + -1).
4
Evaluate 13 + (4 + (-6 - (5 - 11)) - 4).
13
Calculate -32 - (0 + -11 + (-4 - -3)).
-20
Calculate -3 + 8 + 2 + (43 - 58).
-8
Evaluate -14 + (-3 - 2) + 11 + -21 + 12.
-17
Evaluate (-35 - (-54 + -32)) + -47.
4
What is the value of 6 - (3 - -21) - (-9 + 0)?
-9
-12 + 29 + (-25 - -11) + -18
-15
Evaluate (-218 - -209) + -8 + -2 - -48.
29
What is 0 - ((7 + 2 - 4) + 2)?
-7
Evaluate -28 + 15 - (-18 - 0).
5
Evaluate (17 + 26 - 20) + -28.
-5
Calculate 99 - (11 - -31) - 31.
26
6 - 11 - (-12 + (0 - (-5 - -9)))
11
Calculate 177 + -184 - (6 + 0).
-13
What is 165 - 152 - (5 - -2)?
6
Calculate (-7 - -6) + (2 + 14 - 17).
-2
Calculate -5 - 4 - (-9 + 9 + 12).
-21
469 + -486 - (13 + -3)
-27
Calculate 12 + 2 - (-66 - -75) - -2.
7
Evaluate 5 + (-11 - (3 + 4)).
-13
Evaluate (16 - (-1 + -2)) + (-18 - -12).
13
Calculate 7 + (5 - (15 + -9)) + 10 + -4.
12
3 + (5 - 3) + (-16 - -6) - 10
-15
What is -1 + (-9 - -2) - (-29 + (-4 - -41))?
-16
(-10 - -8 - -9) + -20
-13
Calculate -13 + 73 - 30 - 52.
-22
What is the value of -1 - -17 - (32 - 27 - 0)?
11
Evaluate (-1 - 6) + -13 - -10.
-10
9 + (10 - 23 - -1)
-3
Evaluate -19 + 10 + 2 - 2.
-9
Calculate (11 - (5 - (8 - (6 + 9)))) + -31.
-32
Evaluate ((0 - 2) + 2 - (-75 + 71)) + 0.
4
Calculate 38 - (0 - (-9 - -1)) - 4.
26
Evaluate 28 + -5 + -25 + 12.
10
24 - (20 + 1 + -10)
13
What is the value of 1 - (5 + -8) - 5 - 2 - -9?
6
What is -6 - (0 + 0) - (-9 - 10 - -6)?
7
Calculate 32 + 0 + (-40 - -25) + 9.
26
What is 13 - (-5 - -15) - (-1 - 0 - -14)?
-10
What is the value of -4 + (-1 + -17 - -1) + 406 + -396?
-11
2 - 4 - -4 - -18 - (-38 + 39)
19
Evaluate (8 - (12 - (12 + -6))) + -11.
-9
What is -178 - -201 - (4 - -14)?
5
What is -144 + 150 + -10 + 1?
-3
What is (-14 - -12) + 21 + 8?
27
What is the value of (2 - -2) + (-9 - 1) + 65 + -61?
-2
What is -10 + 2 + 8 - (-58 + 68)?
-10
Evaluate 14 + (-19 - (-16 + -1)).
12
-1 + (6 - (-19 + 17))
7
-73 + -42 + 84 + (2 - 1)
-30
Evaluate 9 + 21 + -11 - 7.
12
What is -8 + 0 - (-50 - -35)?
7
What is 2 + 2 + 0 + -11 + 1 + 12?
6
(0 + 5 - -1) + -2 + (-2 - -2)
4
What is 0 + -14 + -1 - (2139 - 2144)?
-10
-49 + -8 + 23 + 16
-18
What is the value of -38 + 49 + (-3 - (9 + -2))?
1
Evaluate -6 + 21 + -8 + -7 + 6.
6
Calculate (53 - 44) + (-1 - 1).
7
What is 0 + (-3 - (-14 + 6)) + -4 + -9?
-8
7 - (9 + 2 - 3 - 8)
7
What is -197 - -191 - (2 - (-2 - 0) - 0)?
-10
What is the value of 15 + -1 + (6 + 1 - 3) + -1?
17
What is the value of (-95 - -72) + (-4 - 7) + 4?
-30
What is -649 + 640 + 9 + -1?
-1
Evaluate -5 + (5 - -7) - 1 - (-15 + 23).
-2
What is (-24 + 10 - -9) + 16?
11
What is 4 - -6 - ((10 - 3) + 2)?
1
Calculate -1 + 0 + 9 + -3 + 8 + -44.
-31
Calculate -10 - (0 + 1 - (-170 - -163)).
-18
Evaluate (-3 + 19 - 20) + 16.
12
-13 + (-12 - -14) - (0 - -5 - 13)
-3
Evaluate (0 - 10) + (-9 + 16 - 16 - -13).
-6
-12 + (9 - 9) + (-2 - -3 - 3)
-14
-1 + -25 - -2 - (-31 + 16)
-9
What is -6 + 1 + (0 - (-25 + 13))?
7
Evaluate 0 + -26 - (1 + -15 + -23 + 27).
-16
Calculate (56 - 57) + (1 - (-15 - -1)) + -7.
7
Evaluate (-3 - -7) + -4 + -7 + 4.
-3
Calculate -5 + 6 + -7 + -12.
-18
What is 15 + (-16 - (-30 + 61))?
-32
Calculate ((1 - 22) + (32 - 39) - -3) + 8.
-17
What is the value of -226 - -204 - (-3 + -30)?
11
Calculate (-3 - 12) + (65 - 58) - (-1 - 2).
-5
What is the value of -16 + (-26 - (-11 - 27))?
-4
What is the value of -1 - (12 + -7 + -13)?
7
Calculate -4 + 13 + -8 + 1 + 10.
12
-19 + -3 - (-16 + 3 - -13)
-22
What is the value of -5 + -7 + 17 + 3 - 2?
6
What is -3 + 10 + -11 + 11?
7
(-3 - -3) + 6 + -1 - (14 + -5)
-4
Evaluate 8 - (3 + 0 - (-24 + 23)).
4
What is -2 - (-15 - (8 - (1 - -5)))?
15
Evaluate -24 - (51 + -51 + (-1 - 10) - -6).
-19
(5 - -1) + -6 + (10 - 7) + 9
12
What is (-39 + 72 - 44) + 2?
-9
What is 3 - -1 - ((16 - 14) + 5)?
-3
Calculate 8 - (-15 + (8 - -19 - 12)).
8
Evaluate -8 - (-14 - (11 - 13)).
4
7 - 0 - (9 - 0)
-2
What is the value of -2 - ((11 - (-2 - -8)) + -4 + -2)?
-1
-9 + -19 + 22 - (0 - -2)
-8
3 + 0 + 6 + 2 + -14 - 2
-5
What is the value of 7 + (-3 + -4 + 1 - -2) + -3?
0
What is (-124 - -142) + (-4 - -1 - -1 - -2)?
18
What is -2 + -10 - (-17 - -2)?
3
Evaluate 8 + -2 - (533 + -520).
-7
What is the value of (15 - 11) + 2 - 22?
-16
Calculate -2 + 5 + -3 + -2 - (6 + -1).
-7
-67 - (-52 - -19 - 5)
-29
What is the value of 1 - (8 - -3) - -18?
8
Evaluate 9 + -2 + -3 - (26 - 22).
0
Calculate (39 - 20) + 26 + -83.
-38
-15 + -21 + 34 - (11 - 0) - 2
-15
Evaluate (-33 + 13 - -27) + 1 + -1 + -4.
3
What is the value of 7 + -9 + -10 + (7 - 3)?
-8
What is the value of -1 + 2 + (-1 - 5) + -2?
-7
What is the value of -15 + (-2 - 11) - -27?
-1
Evaluate 9 + (-143 - -93) + (1 - (-5 - 3)).
-32
Calculate -5 + (1 - (8 - (4 + -11 - -13))).
-6
Evaluate (3 - -6) + (0 - 5) + 0.
4
What is 7 - ((5 - 1) + -7 + 6)?
4
Calculate 3 + -12 + 3 + -1 - 6 - 0.
-13
Evaluate -1 + 1 + -2 + -348 + 339.
-11
Evaluate 17 + -26 + (-17 - -5) + 1.
-20
What is the value of (2 - 0) + -1 + (7 - 2) + 1?
7
-18 + (-51 - -55) + (-6 - (1 - 4))
-17
Evaluate 108 + -144 - (0 - 7) - (2 + -6).
-25
What is the value of -1 + -1 + (87 - 66)?
19
Calculate (1 - 1) + (-3 + 21 - 16).
2
What is (29 - 23) + (0 - (-3 + 5))?
4
8 - (0 + 1 - 3 - (161 + -157))
14
What is 19 + (-5 - 2) - (72 + -52)?
-8
What is the value of -12 - (-4 - (-6 + 4))?
-10
What is -57 + 60 + (3 - 6)?
0
-8 - (8 - ((14 - 3) + -4))
-9
(5 + (-14 - -14) - (8 - -1)) + -4
-8
Calculate 2 - (2 + -2 + 4) - (15 + -9).
-8
What is the value of (-8 - 12) + 19 - (3 - 0)?
-4
(-2 - -1) + 99 + -95 - (1 - 7)
9
Calculate (-11 - (-6 - 4)) + -8.
-9
Evaluate -36 + 22 - -19 - (0 - 0).
5
(-2 - (-9 - -6) - 5) + (-6 - -11)
1
What is -79 - -106 - (15 - 5)?
17
Evaluate -2 + (20 - 1) + -9.
8
What is the value of 9 - (-3 + (-20 - -67))?
-35
14 + -8 - (9 - (6 - 6))
-3
(1762 - 1742) + (-42 - -1)
-21
1 - -1 - (33 - 27 - -8)
-12
Calculate (2 - 2 - (-28 - -8)) + 7 + -11.
16
Evaluate -18 + (-6 - -31) + 17.
24
What is -5 - (-9 + -17 + 21)?
0
What is (-9 - -5) + 3 + -1 + -1 + 15?
12
Calculate (-3 - -2) + 4 + -8 + 25 + -12.
8
What is the value of 6 - (-10 + 15 + -2)?
3
What is 13 - (11 - 6) - (-1 - -9)?
0
Calculate -2 - (-3 + 7) - -10.
4
What is the value of -2 - (0 + (-1 - (-1 + -1))) - 0?
-3
6 - (34 - 21 - 16)
9
What is the value of (17 - 0) + (-559 - -548)?
6
10 + 5 + 6 + -3 + -1 + -1
16
-27 + 14 - (0 + 3 + 2)
-18
What is the value of -207 - -185 - (2 + -1)?
-23
Calculate 39 - 39 - (6 - -11 - -5).
-22
Calculate (0 - -10) + (-8 - (-4 + 13 + 32)).
-39
Calculate -256 + 283 + (-15 - -1).
13
Evaluate 5 + -20 - (34 - 44).
-5
What is (2 - ((6 - 4) + 0)) + 16 + 5?
21
What is the value of 68 - 57 - (2 - (3 - 30))?
-18
Evaluate -5 - 2 - -3 - (44 + (10 - 40)).
-18
What is the value of (-9 - -24) + 12 + -16?
11
Evaluate (-2 - (-10 + 2)) + 8 + 4 + -14.
4
3 - (-4 - (14 + -23) - (2 - 4))
-4
8 + -4 + 38 - 16 - 19
7
What is 25 + -31 - (-7 -